 f = p*b - 15. Suppose -2 + 6 = b*r. Let l(k) = -5*k**3 + 2*k**2 - 1. Calculate l(r).
-4
Let y(g) = 2*g**3 - 2*g**2 + g - 4. Let a(l) = -l**3 + 9*l**2 - 12*l - 2. Let t be a(2). Calculate y(t).
6
Suppose -6 = -18*s + 20*s. Let n(q) = q**3 + 3*q**2 - 6*q + 1. Give n(s).
19
Suppose -2*k = -9 + 1. Let p be 8/(-10) - 29/(-5). Let h(u) = p - 5*u + 2*u + 2*u - u. Calculate h(k).
-3
Let v = -288 - -282. Let t(n) = -n**2 - 5*n + 3. What is t(v)?
-3
Let f(t) = -t. Let m(x) = -x**2 + 3*x - 4. Let r(s) = s**3 - 19*s**2 + 17*s + 19. Let l be r(18). Let a(n) = l*m(n) - 4*f(n). Calculate a(5).
6
Let y(w) = 7*w + 1. Let i(h) = 6*h + 2. Let u(n) = -6*i(n) + 5*y(n). Let s(c) = -2*c - 14. Let f(o) = -6*s(o) + 11*u(o). Calculate f(-7).
0
Let y(p) = -281 - 8*p + 142 + 142 + 3*p**2. Let h(m) = -m**2 + m. Let t(v) = -h(v) - y(v). Calculate t(5).
-18
Let a(q) = -q**3 - q**2 - 5*q + 4. Let s be a(0). Let c(m) be the second derivative of 5/12*m**s + 4/3*m**3 + 4*m - 1/20*m**5 - 4*m**2 + 0. Determine c(6).
4
Let x(t) = 0*t + 24 - 6*t - 23 + 0*t + 5*t + t**2. Calculate x(5).
21
Let s(d) = -2*d**2 - 14*d - 12. Let r(n) = n**3 + 10*n**2 + 8*n - 15. Let t be r(-9). Give s(t).
0
Suppose 0 = -3*q - 6 + 15. Let o(l) = 0*l - q*l - 4 + 6*l. Suppose -3*w = -2*t - 3, -2*w = -7*t + 3*t + 6. Calculate o(w).
5
Let d(g) = -3 + g**3 + 13 - 7*g - 4*g - 9*g**2. Let h(s) = -92*s - 634. Let o be h(-7). Give d(o).
0
Let l(n) = n - 1. Let u(x) = -x - 3. Let g be u(-5). Suppose 3*k = 9 + 6, 5*k = g*f + 15. Let j(v) = -v**2 - 5*v - 4. Let p(w) = f*l(w) + j(w). Calculate p(0).
-9
Let f(n) = 2*n**2 + 5*n + 33. Let j(z) = -z**2 - 2*z - 16. Let q(x) = -2*f(x) - 5*j(x). Suppose 6 = -3*a - 3*y, 39*y + 2 = 3*a + 38*y. Give q(a).
14
Suppose -4*f - 20 = -2*n, 2*n - 2*f + 0*f = 10. Suppose n = -2*t - 14 + 10. Let m(g) = 5*g. Determine m(t).
-10
Let h(o) = -5*o - o**2 + 2 - 7*o + 9*o + 4. Suppose 2*w - 12 = 4*k, 4*k + w = -2*w - 32. Determine h(k).
-4
Let k(a) = 9*a + 58. Suppose 4*s + 1105 - 1085 = 0. Determine k(s).
13
Let g(y) = y**2 + 5*y - 4. Let f = 40 - 43. Let k = 7 - f. Suppose -3*x = -o + k, 1 = -x - o - 9. Calculate g(x).
-4
Let n(x) = -x**3 + 18*x**2 + 18*x + 23. Let v be n(19). Suppose -2*q + 10 = 2*i, -v*q + q = -i - 19. Let f(u) = u**3 - 6*u**2 - u + 3. Determine f(q).
-3
Let b(m) = m. Let o(g) be the first derivative of 3*g**2 + 7. Let k(q) = -21*b(q) + 4*o(q). Let r = -36 - -39. Determine k(r).
9
Let q = 776 + -782. Let a(t) = t**3 + 7*t**2 + 7*t + 7. Calculate a(q).
1
Let u(v) = -5*v**3 - 1. Let z = -696 - -695. Determine u(z).
4
Suppose -2*k - 2 = 16. Let h = -9 - k. Let b(u) = h*u - 4*u + 4*u - 5 + u. Give b(5).
0
Let t = 15 + -12. Let k(c) = -c**2 - 53*c**3 + 25*c**t + 26*c**3 - 2*c - c**2 - 2. Determine k(-2).
10
Let r(t) = 13*t**2 - 21*t + 17. Let z(w) = -8*w**2 + 14*w - 11. Let f(q) = 5*r(q) + 8*z(q). Give f(-7).
-3
Let z(w) = 34*w - 66*w + 37*w - 1. Give z(7).
34
Let g(v) be the third derivative of v**4/24 + 64*v**2 - v. Calculate g(3).
3
Let a be 9/(-6) - 1/(-4)*26. Let c(k) = -k**3 + 8*k**2 - 13*k - 4. Give c(a).
6
Suppose 5*v + 4*b = v + 16, -2*v = -2*b. Suppose 0 = -c + 2*j + 3, -3*c - 4*j = c - 12. Let d(q) = 3 - c + 0 + q**v - 2*q. Calculate d(5).
15
Let v(g) = -3 - 7*g**2 - 6*g + 0 - g**3 - 3*g**3 + 3*g**3. What is v(-4)?
-27
Let m(c) = 3*c**2 + 34*c + 8. Let f(g) = -3*g**2 - 29*g - 7. Let d(x) = 6*f(x) + 5*m(x). Calculate d(-3).
-17
Let g(o) = 3*o**3 - 3*o**2 - 20*o + 3. Let b(c) = c**3 - c**2 - 7*c + 1. Let y(j) = 11*b(j) - 4*g(j). Determine y(4).
-37
Let n(d) = 9*d**3 + 11*d - 11*d - d**3 + 1. Let v be (-2 - 38)*(-1 - 1). Let m be 32/v - (-6)/10. What is n(m)?
9
Let z be -1 - 6/((-18)/21). Let x(l) = -l + 2. What is x(z)?
-4
Suppose -9 + 3 = 2*y. Let x = -77 - -84. Let l(m) = 2*m**2 - m - 5. Let r(d) = 6*d**2 - 4*d - 16. Let z(s) = x*l(s) - 2*r(s). Give z(y).
12
Let x(t) = -t + 3. Suppose -4*p + 3*n = 10, 6 - 12 = p + n. Give x(p).
7
Let u(c) = 18 - 7 - 93*c**2 + 11*c + 94*c**2. Give u(-8).
-13
Let x(n) be the second derivative of -n**6/360 - n**5/120 + 29*n**4/12 - n. Let i(f) be the third derivative of x(f). Calculate i(-3).
5
Suppose -2 = -4*p + 3*p. Let l be ((-2)/(-4)*23)/((-4)/(-8)). Let i(z) = 22*z + 1 - 2*z**3 + 0*z**2 - l*z + 3*z**2. What is i(p)?
-5
Let k(d) = -d**3 + 5*d**2 - 5*d + 5. Let w = 57 + -57. Suppose 6*s - 13*s + 28 = w. What is k(s)?
1
Let c(g) = 4*g**3 - 5*g**2 + 2*g - 3. Let w(q) = q**3 - q**2. Let b(o) = -c(o) + 2*w(o). Let i = 658 + -656. Calculate b(i).
-5
Let g(u) = u**2 + 7*u + 4. Suppose -b = -2*w + 266, 2*w + 3*w - 2*b - 664 = 0. Suppose -2*l + w = -6*l. Let a = l - -28. Give g(a).
-6
Suppose 0 = -2*s - 30 + 40. Let d(p) = -5*p + 16. Give d(s).
-9
Let z(f) = -f - f**3 + 7 - 2 + 0*f + 5*f**2. Let y(w) = w**2 + 5*w - 18. Let t be y(-9). Suppose -t*u - 10 = -20*u. What is z(u)?
0
Let t(q) = -q**3 + 7*q**2 - 6*q - 2. Let o = -14 + 5. Let x(f) = -f**3 - 10*f**2 - 11*f - 12. Let z be x(o). Give t(z).
-2
Let j(r) = r**2 + 4*r + 6. Suppose 0 = 53*w + 402 - 137. What is j(w)?
11
Suppose -15 = -5*n, 2*n - 40 = 2*x - 4*x. Let y(u) = -u**2 + 3*u + x*u**2 + 1 - u. Give y(-1).
15
Suppose -14 = -4*a - 2*i - 38, 3*a + 19 = -2*i. Let h(b) = -2*b**2 - 5*b + 6. Give h(a).
-19
Suppose -11*i - 16 = -8*i - g, -2*i - 6 = 4*g. Let c(n) = n**3 + 6*n**2 + 2*n - 3. Calculate c(i).
12
Suppose 7 = 3*q - q - 5*j, 4*q = -4*j. Let v(z) = 5*z - 5. Let o(m) = -m - 1. Let p(r) = q*v(r) - 6*o(r). Suppose 2*i = 6*i + 4. Give p(i).
-10
Let j(k) = -2*k - 45*k**2 + 1 + 4*k**3 + 134*k**2 - 45*k**2 - 45*k**2. Give j(2).
25
Let h(m) = -m**3 - 9*m**2 - 8*m - 2. Let u(p) be the first derivative of -5*p**4/2 + p**2/2 + 5. Let c be u(-1). Suppose 39 + c = -6*o. What is h(o)?
-2
Let w(s) = s**3 + 7*s**2 + 10*s + 2. Let g be (-2*45/18)/1. Determine w(g).
2
Let h(m) = -m**2 - 7*m + 6. Let u be (-2)/10 + 136/(-20). Let f be h(u). Let g(r) = f - 2 + r**2 + 0 + 3*r. Calculate g(-4).
8
Let l(c) = 3*c + 11575 - 23204 + 11594. Give l(10).
-5
Let h(b) = 4*b + 1. Let w(k) = -5*k. Let z(m) = 4*h(m) + 3*w(m). Suppose 0 = -4*s + 4, -3*c + 0*c = 2*s + 7. Determine z(c).
1
Let h(f) = 2*f + 8. Suppose -16*s - 4 = -18*s. Suppose -10*g + s*g - 56 = 0. Determine h(g).
-6
Let a(i) be the second derivative of i**3/6 - 15*i**2/2 + 13*i. Let n be a(8). Let b(c) = c + 8. What is b(n)?
1
Let j(h) = -h**3 - 3*h**2 - 4*h - 2. Let g be j(-2). Suppose 6*o - g*o = -4. Let n(c) = 13*c**2 - c. Give n(o).
14
Let g(z) be the third derivative of 5*z**4/24 + z**3/6 + 29*z**2. Suppose 0 = -3*i - 2*j + j - 9, 2*j + 6 = -3*i. Give g(i).
-19
Let o(y) = 5*y**2 - 1. Let s = -1638 - -1636. Determine o(s).
19
Let i(r) = r + 6*r - 8*r. Let w be (-16)/(-7) + 10/(-35). Let d(v) = -2*v**2 + 4*v. Let a(o) = w*i(o) - d(o). Determine a(4).
8
Let t = 5 - -3. Let l = t + -8. Let m(g) = g**2 - g + 3*g**3 + g**3 + 4 - 3*g**3. Determine m(l).
4
Let b(j) = -2*j - 4. Let t = 2 + -5. Let c be b(t). Suppose c*k + 7 = 5*f, -9 = f - 6*k + 3*k. Let r(s) = 2*s - 2. Give r(f).
4
Let c = -29 - -29. Let i be (-6)/(-4 + 3) - c. Suppose -3*j + 3*s = 9, j - 3*j - 4*s = i. Let f(x) = x**2 + x - 1. Give f(j).
5
Let s = 24 - 22. Suppose -12 = b + s*b + 3*u, 0 = 4*b - 3*u - 12. Suppose -3*v - 15 = -b*v. Let m(h) = -h**3 - 6*h**2 - 5*h + 6. Give m(v).
6
Let w = -467 - -471. Let n(l) = -l**3 + 2*l**2 + 2*l - 3. Calculate n(w).
-27
Let r(q) = -3*q + 1. Let n = 43 + -51. Let h be 2 + (2/n - 1/(-4)). Give r(h).
-5
Suppose -93*a + 90*a = 9. Let k(z) = -z**3 - 9*z**2 - 4*z - 6. Let q(l) = -l**2. Let u(n) = a*q(n) + k(n). Calculate u(-4).
-22
Let m = 29 + -13. Suppose m = -7*p + 11*p. Let n(r) = r**3 - 3*r**2 - 2*r - 3. Give n(p).
5
Let q(x) = x + 4. Suppose 2*j - 5 = h + 3, 0 = 2*j - 2*h - 4. Calculate q(j).
10
Let p = -1934 + 1941. Let i(w) = 2*w - 24. Calculate i(p).
-10
Let w(a) = 6*a**2 + 0*a - 3*a**2 + 0*a**2 - 4*a**3 + 1 - 2*a**2 - a. Give w(1).
-3
Let q be (-56)/(-21) - (-15)/(-9). Let c(l) = -6*l + 1. Give c(q).
-5
Suppose 5*m - 3*f = -32, -3*f = -0*m + m + 10. Let b(p) = -5*p**2 + 5*p**2 - 7*p**2 - 3 + 6 - p**3 - 2. Give b(m).
1
Let f be (192/(-480))/(4/30). Let y(n) = -n**2 + n - 4. What is y(f)?
-16
Let w(i) = -3*i**2 + 9*i + 3. Let k(f) = -8*f**2 + 26*f + 8. Let j(m) = 4*k(m) - 11*w(m). Suppose 2*n = -a - 8, 0 = -5*n + a - 16 - 18. Determine j(n).
